{"id":1935,"date":"2020-05-06T21:57:40","date_gmt":"2020-05-07T02:57:40","guid":{"rendered":"https:\/\/cardavipijamas.com\/?page_id=1935"},"modified":"2020-05-13T02:06:50","modified_gmt":"2020-05-13T07:06:50","slug":"politica-de-privacidad","status":"publish","type":"page","link":"https:\/\/cardavipijamas.com\/?page_id=1935","title":{"rendered":"Pol\u00edtica de privacidad"},"content":{"rendered":"\t\t<div data-elementor-type=\"wp-page\" data-elementor-id=\"1935\" class=\"elementor elementor-1935\" data-elementor-settings=\"[]\">\n\t\t\t\t\t\t<div class=\"elementor-inner\">\n\t\t\t\t\t\t\t<div class=\"elementor-section-wrap\">\n\t\t\t\t\t\t\t<section class=\"elementor-section elementor-top-section elementor-element elementor-element-4dd26a14 elementor-section-boxed elementor-section-height-default elementor-section-height-default\" data-id=\"4dd26a14\" data-element_type=\"section\">\n\t\t\t\t\t\t<div class=\"elementor-container elementor-column-gap-default\">\n\t\t\t\t\t\t\t<div class=\"elementor-row\">\n\t\t\t\t\t<div class=\"elementor-column elementor-col-100 elementor-top-column elementor-element elementor-element-4ca3bec8\" data-id=\"4ca3bec8\" data-element_type=\"column\">\n\t\t\t<div class=\"elementor-column-wrap elementor-element-populated\">\n\t\t\t\t\t\t\t<div class=\"elementor-widget-wrap\">\n\t\t\t\t\t\t<div class=\"elementor-element elementor-element-3c9a76c7 elementor-widget elementor-widget-text-editor\" data-id=\"3c9a76c7\" data-element_type=\"widget\" data-widget_type=\"text-editor.default\">\n\t\t\t\t<div class=\"elementor-widget-container\">\n\t\t\t\t\t\t\t\t<div class=\"elementor-text-editor elementor-clearfix\">\n\t\t\t\t<p><!-- wp:heading --><\/p>\n<h2><strong style=\"font-size: 15px;\">Pol\u00edtica de privacidad<\/strong><\/h2>\n<p>La presente Pol\u00edtica de Privacidad establece los t\u00e9rminos en que CARDAVI recolecta, almacena, actualiza, usa, circula, suprime y protege la informaci\u00f3n que es proporcionada por sus usuarios al momento de utilizar su sitio web <a href=\"https:\/\/www.cardavipijamas.com\">https:\/\/www.cardavipijamas.com<\/a> en concordancia con lo dispuesto en \u00a0la Ley Estatutaria 1581 de 2012, reglamentada por el Decreto 1377 de 2013, compilado en el Decreto 1074 de 2015 <em>\u201cPor medio del cual se expide el Decreto \u00danico Reglamentario del Sector Comercio, Industria y Turismo\u201d<\/em>. Por tanto, declaramos nuestro compromiso con la seguridad y el tratamiento de los datos de nuestros usuarios. Cuando le pedimos llenar los campos de informaci\u00f3n personal con la cual usted pueda ser identificado, lo hacemos asegurando que s\u00f3lo se emplear\u00e1 de acuerdo con los t\u00e9rminos de este documento. Sin embargo, esta Pol\u00edtica de Privacidad puede cambiar con el tiempo o ser actualizada por lo que le recomendamos y enfatizamos revisar continuamente esta p\u00e1gina para asegurarse que est\u00e1 de acuerdo con dichos cambios.<\/p>\n<p><strong>\u00a0<\/strong><strong>Definiciones<\/strong><\/p>\n<p>Para comprensi\u00f3n de la Pol\u00edtica de privacidad se definen los siguientes t\u00e9rminos:<\/p>\n<ul>\n<li><strong>Autorizaci\u00f3n:<\/strong> Consentimiento previo, expreso e informado del Titular para llevar a cabo el Tratamiento de datos personales.<\/li>\n<li><strong>Base de Datos:<\/strong> Conjunto organizado de datos personales que sea objeto de Tratamiento.<\/li>\n<li><strong>Clientes:<\/strong> Usuarios que hayan comprado al menos un producto de la tienda virtual. Todo cliente es considerado titular de la informaci\u00f3n, pero no todo titular es considerado cliente de CARDAVI.<\/li>\n<li><strong>Dato personal: <\/strong>Cualquier informaci\u00f3n vinculada o que pueda asociarse a una o varias personas naturales determinadas o determinables.<\/li>\n<li><strong>Encargado del Tratamiento:<\/strong> Persona natural o jur\u00eddica, p\u00fablica o privada, que por s\u00ed misma o en asocio con otros, realice el Tratamiento de datos personales por cuenta del Responsable del Tratamiento.<\/li>\n<li><strong>Responsable del Tratamiento:<\/strong> Persona natural o jur\u00eddica, p\u00fablica o privada, que por s\u00ed misma o en asocio con otros, decida sobre la base de datos y\/o el Tratamiento de los datos.<\/li>\n<li><strong>Tienda virtual:<\/strong> El sitio web <a href=\"https:\/\/www.cardavipijamas.com\">https:\/\/www.cardavipijamas.com<\/a> donde se exhiben y venden los productos que dise\u00f1a y confecciona CARDAVI.<\/li>\n<li><strong>Titular:<\/strong> Persona natural cuyos datos personales sean objeto de Tratamiento.<\/li>\n<li><strong>Tratamiento:<\/strong> Cualquier operaci\u00f3n o conjunto de operaciones sobre datos personales, tales como la recolecci\u00f3n, almacenamiento, uso, circulaci\u00f3n o supresi\u00f3n.<\/li>\n<li><strong>Usuarios: <\/strong>personas que visitan, navegan o se interesan por los productos ofrecidos en la tienda virtual y que con ocasi\u00f3n a esa visita, navegaci\u00f3n o inter\u00e9s autorizan a CARDAVI a incorporar sus datos a su base de datos, a usar cookies y adquieren la calidad de titulares.<\/li>\n<\/ul>\n<p><strong>\u00a0<\/strong><strong>Qui\u00e9nes somos<\/strong><\/p>\n<p>CARDAVI es una empresa que dise\u00f1a, confecciona y distribuye vestuario para damas, caballeros y ni\u00f1os a trav\u00e9s de su sitio web <a href=\"https:\/\/www.cardavipijamas.com\">https:\/\/www.cardavipijamas.com<\/a> (en adelante \u201ctienda virtual\u201d). Sus instalaciones est\u00e1n ubicadas en la calle 13 No. 16-12 barrio el contento, C\u00facuta \u2013 Norte de Santander. Para contacto o notificaciones electr\u00f3nicas a dispuesto la direcci\u00f3n de correo electr\u00f3nico \u00a0<a href=\"mailto:contacto@cardavipijamas.com\">contacto@cardavipijamas.com<\/a>, y la l\u00ednea telef\u00f3nica +57 3144609454.<\/p>\n<p><strong>Qu\u00e9 datos personales recogemos y por qu\u00e9 los recogemos<\/strong><\/p>\n<p>Mientras visitas nuestra tienda virtual <a href=\"https:\/\/www.cardavipijamas.com\">https:\/\/www.cardavipijamas.com<\/a> \u00a0realizaremos el seguimiento de:<\/p>\n<ul>\n<li><strong>Los productos que has visto<\/strong>: usaremos esto para mostrarte o sugerirte productos que has visto recientemente.<\/li>\n<li><strong>Ubicaci\u00f3n, direcci\u00f3n IP y tipo de navegador<\/strong>: usaremos esa informaci\u00f3n con el prop\u00f3sito de estimar impuestos y costos adicionales de env\u00edo de acuerdo con tu ubicaci\u00f3n.<\/li>\n<li><strong>Direcci\u00f3n de env\u00edo<\/strong>: te pediremos que facilites esta informaci\u00f3n para que podamos estimar el costo final del env\u00edo antes de que hagas un pedido y por supuesto, saber a qu\u00e9 direcci\u00f3n debemos enviarte los productos.<\/li>\n<\/ul>\n<p>Cuando compres productos de la tienda virtual te pediremos que facilites informaci\u00f3n como: nombres y apellidos, direcci\u00f3n de facturaci\u00f3n, direcci\u00f3n de env\u00edo, direcci\u00f3n de correo electr\u00f3nico, n\u00famero de tel\u00e9fono e informaci\u00f3n adicional como el nombre de usuario y la contrase\u00f1a. Usaremos esta informaci\u00f3n para prop\u00f3sitos como:<\/p>\n<ul>\n<li>Enviarte informaci\u00f3n sobre tu cuenta y pedido.<\/li>\n<li>Responder a tus solicitudes, incluidos reembolsos y reclamaciones.<\/li>\n<li>Procesar pagos y evitar el fraude.<\/li>\n<li>Configurar tu cuenta para nuestra tienda.<\/li>\n<li>Cumplir con cualquier obligaci\u00f3n legal que tengamos, como c\u00e1lculos de impuestos.<\/li>\n<li>Mejorar las ofertas de nuestra tienda.<\/li>\n<li>Enviarte mensajes promocionales, si eliges recibirlos.<\/li>\n<\/ul>\n<p>Si creas una cuenta almacenaremos tu nombre, direcci\u00f3n, correo electr\u00f3nico y n\u00famero de tel\u00e9fono, informaci\u00f3n que usaremos para el proceso de pago y futuros pedidos.<\/p>\n<p>Cuando seleccionas la casilla <strong>He le\u00eddo y estoy de acuerdo con los t\u00e9rminos y condiciones<\/strong> de la tienda virtual, tomaremos tal acci\u00f3n como un acto voluntario en el cual el usuario manifiesta haber le\u00eddo, entendido y aceptado la Pol\u00edtica de Privacidad y los T\u00e9rminos y Condiciones publicados en nuestra tienda virtual.<\/p>\n<p>Aceptamos pagos mediante PayU Latam. Al procesar pagos algunos de tus datos se pasar\u00e1n a PayU Latam, incluida la informaci\u00f3n requerida para procesar o dar soporte al pago, tales como el total de la compra y la informaci\u00f3n de facturaci\u00f3n. Por favor, revisa la <a href=\"https:\/\/legal.payulatam.com\/ES\/politica_de_privacidad.HTML\">Pol\u00edtica de Privacidad de PayU Latam<\/a> para m\u00e1s detalles. \u00a0<\/p>\n<p><strong>Cookies<\/strong><\/p>\n<p>Usaremos cookies para realizar el seguimiento de los contenidos del carrito mientras navegas por nuestro sitio.<\/p>\n<p>Si dejas un comentario en nuestro sitio puedes elegir guardar tu nombre, direcci\u00f3n de correo electr\u00f3nico y web en cookies. Esto es para tu comodidad, para que no tengas que volver a rellenar tus datos cuando dejes otro comentario. Estas cookies tendr\u00e1n una duraci\u00f3n de un a\u00f1o.<\/p>\n<p>Si tienes una cuenta y te conectas a este sitio, instalaremos una cookie temporal para determinar si tu navegador acepta cookies. Esta cookie no contiene datos personales y se elimina al cerrar el navegador. Si subes im\u00e1genes a la web, deber\u00e1s evitar subir im\u00e1genes con datos de ubicaci\u00f3n (GPS EXIF) ya que otros usuarios podr\u00edan descargar las y extraer cualquier dato de ubicaci\u00f3n de las im\u00e1genes.<\/p>\n<p>Cuando accedas, tambi\u00e9n instalaremos varias cookies para guardar tu informaci\u00f3n de acceso y tus opciones de visualizaci\u00f3n de pantalla. Las cookies de acceso duran dos d\u00edas, y las cookies de opciones de pantalla duran un a\u00f1o. Si seleccionas \u00abRecu\u00e9rdame\u00bb, tu acceso perdurar\u00e1 durante dos semanas. Si sales de tu cuenta, las cookies de acceso se eliminar\u00e1n.<\/p>\n<p>Si editas o publicas un art\u00edculo se guardar\u00e1 una cookie adicional en tu navegador. Esta cookie no incluye datos personales y simplemente indica el ID del art\u00edculo que acabas de editar. Caduca despu\u00e9s de 1 d\u00eda.<\/p>\n<p><strong>Qui\u00e9n tiene acceso a la informaci\u00f3n<\/strong><\/p>\n<p>Los miembros de nuestro equipo que tienen acceso a la informaci\u00f3n que nos ofreces son: el administrador y los gestores de tienda virtual, previa autorizaci\u00f3n y consentimiento del representante legal de CARDAVI para:<\/p>\n<ul>\n<li>Acceder a la informaci\u00f3n de pedidos, como qu\u00e9 se compr\u00f3, cu\u00e1ndo se compr\u00f3 y d\u00f3nde se deber\u00eda enviar, y<\/li>\n<li>Acceder a la informaci\u00f3n de cliente, como tu nombre, direcci\u00f3n de correo electr\u00f3nico, y la informaci\u00f3n de facturaci\u00f3n y env\u00edo.<\/li>\n<\/ul>\n<p>El personal con acceso a la informaci\u00f3n est\u00e1 autorizado para ayudar a completar pedidos, procesar reembolsos y darte soporte.<\/p>\n<p><strong>Contenido incrustado de otros sitios web<\/strong><\/p>\n<p>Los art\u00edculos de este sitio pueden incluir contenido incrustado (por ejemplo, v\u00eddeos, im\u00e1genes, art\u00edculos, etc.). El contenido incrustado de otras webs se comporta exactamente de la misma manera que si el visitante hubiera visitado la otra web.<\/p>\n<p>Estas webs pueden recopilar datos sobre ti, utilizar cookies, incrustar un seguimiento adicional de terceros, y supervisar tu interacci\u00f3n con ese contenido incrustado, incluido el seguimiento de tu interacci\u00f3n con el contenido incrustado si tienes una cuenta y est\u00e1s conectado a esa web.<\/p>\n<p><strong>Con qui\u00e9n compartimos tus datos y por cu\u00e1nto tiempo los conservamos<\/strong><\/p>\n<p>Los datos personales permanecer\u00e1n almacenados durante el tiempo que sea razonable y necesario, de acuerdo con las finalidades que justificaron el tratamiento, atendiendo a las disposiciones aplicables a la materia de que se trate y a los aspectos administrativos, contables, fiscales, jur\u00eddicos e hist\u00f3ricos de la informaci\u00f3n. Una vez cumplida la o las finalidades del tratamiento y sin perjuicio de normas legales que dispongan lo contrario, el (los) Responsable(s) y el Encargado proceder\u00e1n a la supresi\u00f3n de los datos personales en su posesi\u00f3n. No obstante, lo anterior, los datos personales ser\u00e1n conservados cuando as\u00ed se requiera para el cumplimiento de una obligaci\u00f3n legal o contractual.<\/p>\n<p>Tambi\u00e9n almacenaremos comentarios o valoraciones, si eliges dejarlos. Si dejas un comentario, el comentario y sus metadatos se conservan indefinidamente. Esto es para que podamos reconocer y aprobar comentarios sucesivos autom\u00e1ticamente, en lugar de mantenerlos en una cola de moderaci\u00f3n.<\/p>\n<p>De los usuarios que se registran en nuestra tienda virtual, tambi\u00e9n almacenaremos la informaci\u00f3n personal que proporcionan en su perfil de usuario. Todos los usuarios pueden ver, editar o eliminar su informaci\u00f3n personal en cualquier momento (excepto que no pueden cambiar su nombre de usuario). El administrador de la tienda virtual tambi\u00e9n puede ver y editar esa informaci\u00f3n.<\/p>\n<p><strong>Qu\u00e9 derechos tienen los titulares sobre sus datos<\/strong><\/p>\n<p>Si tienes una cuenta o has dejado comentarios en la tienda virtual, puedes solicitar recibir un archivo de exportaci\u00f3n de los datos personales que tenemos sobre ti, incluyendo cualquier dato que nos hayas proporcionado. Tambi\u00e9n puedes solicitar que eliminemos cualquier dato personal que tengamos sobre ti. Esto no incluye ning\u00fan dato que estemos obligados a conservar con fines administrativos, legales o de seguridad.<\/p>\n<p><strong>Atenci\u00f3n de peticiones, consultas y reclamos<\/strong><\/p>\n<p>El titular de la informaci\u00f3n puede ejercer sus derechos a conocer, actualizar, rectificar y suprimir el dato y revocar cualquier autorizaci\u00f3n a trav\u00e9s del formulario de contacto <strong>D\u00e9janos tus comentarios<\/strong>, el correo electr\u00f3nico o correo certificado. La respuesta se notificar\u00e1 por correo electr\u00f3nico o notificaci\u00f3n personal de acuerdo con lo dispuesto en el Decreto 1755 de 2015.<\/p>\n<p><!-- \/wp:heading --><\/p>\t\t\t\t\t<\/div>\n\t\t\t\t\t\t<\/div>\n\t\t\t\t<\/div>\n\t\t\t\t\t\t<\/div>\n\t\t\t\t\t<\/div>\n\t\t<\/div>\n\t\t\t\t\t\t\t\t<\/div>\n\t\t\t\t\t<\/div>\n\t\t<\/section>\n\t\t\t\t\t\t<\/div>\n\t\t\t\t\t\t<\/div>\n\t\t\t\t\t<\/div>\n\t\t","protected":false},"excerpt":{"rendered":"<p>Pol\u00edtica de privacidad La presente Pol\u00edtica de Privacidad establece los t\u00e9rminos en que CARDAVI recolecta, almacena, actualiza, usa, circula, suprime y protege la informaci\u00f3n que es proporcionada por sus usuarios al momento de utilizar su sitio web https:\/\/www.cardavipijamas.com en concordancia con lo dispuesto en \u00a0la Ley Estatutaria 1581 de 2012, reglamentada por el Decreto 1377 &hellip;<\/p>\n<p class=\"read-more\"> <a class=\"\" href=\"https:\/\/cardavipijamas.com\/?page_id=1935\"> <span class=\"screen-reader-text\">Pol\u00edtica de privacidad<\/span> Leer m\u00e1s &raquo;<\/a><\/p>\n","protected":false},"author":1,"featured_media":0,"parent":0,"menu_order":0,"comment_status":"closed","ping_status":"closed","template":"","meta":{"_joinchat":[],"footnotes":""},"class_list":["post-1935","page","type-page","status-publish","hentry"],"_links":{"self":[{"href":"https:\/\/cardavipijamas.com\/index.php?rest_route=\/wp\/v2\/pages\/1935","targetHints":{"allow":["GET"]}}],"collection":[{"href":"https:\/\/cardavipijamas.com\/index.php?rest_route=\/wp\/v2\/pages"}],"about":[{"href":"https:\/\/cardavipijamas.com\/index.php?rest_route=\/wp\/v2\/types\/page"}],"author":[{"embeddable":true,"href":"https:\/\/cardavipijamas.com\/index.php?rest_route=\/wp\/v2\/users\/1"}],"replies":[{"embeddable":true,"href":"https:\/\/cardavipijamas.com\/index.php?rest_route=%2Fwp%2Fv2%2Fcomments&post=1935"}],"version-history":[{"count":2,"href":"https:\/\/cardavipijamas.com\/index.php?rest_route=\/wp\/v2\/pages\/1935\/revisions"}],"predecessor-version":[{"id":2266,"href":"https:\/\/cardavipijamas.com\/index.php?rest_route=\/wp\/v2\/pages\/1935\/revisions\/2266"}],"wp:attachment":[{"href":"https:\/\/cardavipijamas.com\/index.php?rest_route=%2Fwp%2Fv2%2Fmedia&parent=1935"}],"curies":[{"name":"wp","href":"https:\/\/api.w.org\/{rel}","templated":true}]}}